d**2 + 47*d + 1. Let o(r) = -2*r**3 - 1. Let s(y) = 4*o(y) - u(y). List the prime factors of s(16).
523
Suppose 35 = 28*s - 21*s. Suppose -y = 0, -645 = -102*v + 99*v - s*y. List the prime factors of v.
5, 43
Let j(x) = 84*x**3 + 19*x**2 - 91*x - 7. What are the prime factors of j(4)?
5309
Let p = -122 + 122. Suppose 23*t - 25*t - 108 = p. Let n = 78 - t. List the prime factors of n.
2, 3, 11
Suppose -3*q + 16 = q, 4 = -3*j - 2*q. Let d(o) = -4*o**2 - 6*o - 10. Let r be d(j). Let u = -18 - r. List the prime factors of u.
2
Let m be ((-3)/1)/(-3) + (2 - 5). Let h be (m + 7)*2/10 + 71. Let b = 79 - h. What are the prime factors of b?
7
Suppose -3*h - 10 = 20. Let i be 2 + 24/(-10) + (-4)/h. List the prime factors of (7 - 4)*(-108 - i)/(-4).
3
Let j = -102867 + 177395. List the prime factors of j.
2, 17, 137
Let a(q) = -q**2 - 12*q + 18. Let r be a(-13). Let p be ((-6)/r)/(((-15)/175)/3). Let y = p + 154. What are the prime factors of y?
2, 7
Let a(x) = -48*x**3 + x - 4. Suppose 26*b - 25*b + 2 = 0. List the prime factors of a(b).
2, 3, 7
What are the prime factors of 216/96 + (-1498693)/(-28)?
53527
Suppose -v = 5*j + 33, 0*j - 2*j - 47 = 3*v. Let i(c) = c**2 + 18*c + 21. Let p be i(v). Let o = p - -132. What are the prime factors of o?
2, 11
Suppose 32*r - 12 = 29*r. What are the prime factors of (-3)/2 + 1122/r?
3, 31
Suppose -55*k + 103*k - 130592 = 32*k. What are the prime factors of k?
2, 7, 11, 53
Suppose 7*f - 2*r = 163136 + 98585, f + 5*r = 37357. What are the prime factors of f?
7, 109
Let k(i) = -14*i + 28. Let l be k(-10). Let v(z) = 1 - l*z**3 + 5764*z**2 - 5764*z**2 + 2*z. What are the prime factors of v(-1)?
167
Let q = -1250 + 1949. Suppose 8*l - 5 = q. Suppose t - 64 - l = 0. List the prime factors of t.
2, 19
Suppose -4*r - h = -4184 - 19601, 0 = h - 1. What are the prime factors of r?
2, 3, 991
Let w be (7 + -7)*1 - 1*5. Let p(a) = 26*a + 28. Let y(l) = 9*l + 9. Let m(c) = -3*p(c) + 8*y(c). List the prime factors of m(w).
2, 3
Let u(s) = -17*s**3 - 4*s**2 + 10114. What are the prime factors of u(0)?
2, 13, 389
What are the prime factors of (-9)/18*(-3 + (-5)/(-1))*-23204?
2, 5801
Let p = -4 + 142. Suppose -302 = -139*g + p*g. List the prime factors of g.
2, 151
Let i = 4955 - -293. What are the prime factors of i?
2, 41
Suppose -399 - 61 = -5*p - 4*i, 3*p - 308 = 4*i. Let r = p + -100. List the prime factors of (18/(-7))/(277/70 + r).
2, 3, 5
Suppose 150482 = -32*s + 580722. What are the prime factors of s?
5, 2689
Suppose 413*n = 133*n + 10443160. What are the prime factors of n?
13, 19, 151
Suppose 0 = -12*y + 15 + 249. Suppose 0 = -3*j + y - 19, 5*m + 2*j = 327. What are the prime factors of m?
5, 13
Suppose -5*m - 4*q = -41959, 51*q - 52*q = -1. What are the prime factors of m?
3, 2797
Suppose -c + 3 = 0, -5*c - 302 = -2*j + 63. Let t be (0 + -149)/(1/(-2)). Let w = t - j. What are the prime factors of w?
2, 3
Let f(w) be the first derivative of 8 + 9*w - 1/2*w**4 + w**2 - 8/3*w**3. What are the prime factors of f(-6)?
3, 47
Let f = -2164 - -1272. Let w = -494 - f. List the prime factors of w.
2, 199
Suppose -5*y + 0*y + 2224 = -82011. List the prime factors of y.
17, 991
Let g be 3 - (1*-2 + 0). Let d = -476 + 473. List the prime factors of (1 - d - g)*-7.
7
Suppose 5*w - 20 = 5*m, 0 = 3*w - 7*m + 5*m - 11. Suppose 2*r = r + 3*f + 61, 0 = -w*r - 2*f + 139. What are the prime factors of r?
7
Let x = 43 - 41. Suppose 261 = 2*y - 5*u, -x*u - 670 = -5*y - 49. List the prime factors of y.
3, 41
Let w(i) = 14*i - 7. Let f be w(2). Suppose -5126 - 7117 = -f*q. What are the prime factors of q?
11, 53
Let p(c) be the third derivative of 0 + 7/6*c**3 + 0*c + 0*c**4 + 3/20*c**5 + 11*c**2. What are the prime factors of p(3)?
2, 11
Let d(f) = f**3 + 37*f**2 + 30*f + 163. What are the prime factors of d(-15)?
4663
Suppose 2*u + q = -20, -4*u + q + 2 - 36 = 0. What are the prime factors of u + (1657 - (-9 + 9))?
2, 103
Let p(c) = 13*c**2 + 14*c + 1. Suppose 0 = 7*q - 14*q. Suppose -4*t + 3*r = 9, q = 3*t - 0*t - 2*r + 7. What are the prime factors of p(t)?
2, 19
Let f be 2/(-5) + 64/160. Suppose f = 4*d + 1 - 57. Let m(h) = -h + 46. What are the prime factors of m(d)?
2
Let j(m) = 3*m**2 + 31*m - 22. Let f = -160 - -169. List the prime factors of j(f).
2, 5
Let v(r) = 497*r**2 + 9*r + 32. What are the prime factors of v(-4)?
2, 1987
Suppose 0*z - 5*z = -2830. Suppose -26*b + 7456 = z. List the prime factors of b.
5, 53
Let q be ((-2)/4)/(8 - 441/54). Suppose -k - 272 = -q*k. What are the prime factors of k?
2, 17
What are the prime factors of 6/(-168)*-4 + (119466/21 - -6)?
5, 17, 67
Let f(p) be the third derivative of 1/20*p**5 + 7/24*p**4 + 0*p - 1/6*p**3 + 0 - 25*p**2. List the prime factors of f(5).
109
Let d(w) = 2*w**2 + 71*w + 44. Let o be d(-35). Suppose -6233 = -o*h - 14*h. What are the prime factors of h?
271
Let r(y) = y**2 + 3*y - 39. Let d be r(5). What are the prime factors of d + 10/(-14) - 271/(-7)?
3, 13
Suppose 50*m - 45*m = -3855. Let c = m - -960. List the prime factors of c.
3, 7
Let a(d) = -2*d**3 + 3*d**2 + 3*d + 1. Let n = 38 - 35. Let m be a(n). Let v(l) = l**2 + 9*l - 21. List the prime factors of v(m).
5, 23
Suppose -5989 = -h - 4*w, 34*w - 35*w - 4 = 0. List the prime factors of h.
5, 1201
Let f be 97566/92 - (3/2 + -1). Suppose -f = 120*r - 124*r. What are the prime factors of r?
5, 53
Suppose -69 = -4*d - 3*u, -4*u = 3*d - 0*u - 50. Suppose 5*p - 71 = -4*h + 8*h, 0 = -p - 3*h + d. Suppose 7*n - 69 = p. List the prime factors of n.
2, 3
Let v be -4*((-12)/56)/3*14. Suppose -4*u + 0*u + 2580 = v*o, 0 = -5*u + o + 3195. What are the prime factors of u?
2, 5
Suppose -62261 = -20*c + 51859. List the prime factors of c.
2, 3, 317
Let h(p) = -145*p**3 - 12*p**2 - 8*p - 1. Let r(f) = 97*f**3 + 8*f**2 + 5*f + 1. Let s(q) = -5*h(q) - 8*r(q). List the prime factors of s(-2).
389
Let c = -165 + 165. Suppose 18*d - 9772 + 2806 = c. What are the prime factors of d?
3, 43
Suppose -5*q + 9*n + 29 = 11*n, -5*q + 4*n = -17. Suppose 0 = 4*t + 4*b - 3688, -4*t - q*b - 1279 = -4963. List the prime factors of t.
2, 463
Let a = 74 + -238. What are the prime factors of 6204/14 + -6 + a/(-28)?
443
List the prime factors of 14861 - (-5 - (0/(-1) + -4)).
2, 3, 2477
Let x(s) = 511*s**3 + 3*s**2 - 10*s + 6. Let i be x(2). Suppose 12*r = i - 42. List the prime factors of r.
337
Let p(f) = f**3 - 4*f**2 - f + 2. Let g be -3 + (2 + -4 - -9). Let c be p(g). What are the prime factors of (12/(-4 - -7))/(c/(-44))?
2, 11
Suppose 76 = 14*h + 76. What are the prime factors of h + -4 - 2308*2/(-8)?
3, 191
Let l = -8144 - -18869. What are the prime factors of l?
3, 5, 11, 13
Suppose -155*u + 812 = -153*u. Let j = -74 + u. What are the prime factors of j?
2, 83
Let c be (2*(-12)/(-9) + 3)*21. Suppose 0 = -2*h - 6, o + h - 2*h = c. Suppose -w + 4*u = -o, 5*w - 384 - 272 = u. List the prime factors of w.
2, 3, 11
Let u(h) = 20*h + 27*h - 9 - 7*h. List the prime factors of u(8).
311
Let a(f) = -3*f + 8. Let j(s) = -7*s + 15. Let m(z) = 5*a(z) - 2*j(z). Let r be m(4). List the prime factors of (-178)/(-9) - r/(-27).
2, 5
Suppose 0 = -p - 3*a + 6, 2*p + 0 - 2 = -a. Let b be (p - -1 - 2)/((-1)/(-6)). Let q = 82 - b. What are the prime factors of q?
2, 11
Suppose -15*f - 46301 + 154225 + 89761 = 0. List the prime factors of f.
3, 23, 191
Suppose 4*g = -3*d + 85 - 4, -5*d = 3*g - 69. Suppose g*u = 21*u - 27. List the prime factors of -3*93/u*-3.
3, 31
Suppose -59*m = -63*m. Suppose 5*h = -m + 55. Suppose -a = -h*a + 1340. What are the prime factors of a?
2, 67
Let c be ((-13)/(-2))/((-164)/(-40) + -4). Suppose 0 = -c*v + 63*v + 824. What are the prime factors of v?
2, 103
Let m(n) = 122*n**3 + n**2 - n - 57. What are the prime factors of m(4)?
7, 1109
Let f(p) = -2*p**2 - p - 15. Let h be f(4). Let u = 66 + h. Suppose -2*m + m = -3*q + 6, -q = 4*m - u. List the prime factors of q.
3
Let p = 6 - 1. Suppose -3*m - p*m = -1736. What are the prime factors of m?
7, 31
Let i = 105343 - 63097. List the prime factors of i.
2, 3, 2347
Let c(f) = -f**3 - 42*f**2 + 63*f - 290. What are the prime factors of c(-46)?
2, 1319
Let t = 341 - 345. List the prime factors of (2 - (t + 2))*(80 - -1).
2, 3
Let a(b) = -8*b + 36. Let c(p) = -p + 5. Let u(o) = 3*a(o) - 20*c(o